 1487527907 prime?
True
Is 35077355 a prime number?
False
Is 27342727 composite?
False
Is 1396897 prime?
False
Is 10859819 a composite number?
True
Is 895931 a prime number?
False
Is 1524665 a prime number?
False
Is 416117 prime?
False
Is 23773403 a prime number?
True
Is 21507593 a composite number?
False
Is 71343109 composite?
True
Is 26098783 a composite number?
False
Is 26432873 prime?
True
Is 1935029 composite?
True
Is 39991649 prime?
False
Is 97236449 composite?
True
Is 30226961 composite?
True
Is 303223 composite?
True
Is 23466889 a composite number?
False
Is 98120873 prime?
True
Is 1621462827 composite?
True
Is 95177 prime?
True
Is 2522551 a prime number?
False
Is 66924653 a composite number?
True
Is 384628663 composite?
False
Is 11003 prime?
True
Is 22060229 a prime number?
True
Is 1997209 prime?
False
Is 36892403 composite?
False
Is 7414207 a prime number?
False
Is 11041297 composite?
False
Is 34396157 a composite number?
False
Is 883338431 prime?
True
Is 222048941 a composite number?
True
Is 159896753 prime?
True
Is 2707897 a prime number?
True
Is 4539191 a composite number?
False
Is 20700619 prime?
False
Is 222107 a prime number?
True
Is 46614845 prime?
False
Is 1848317 composite?
True
Is 76851677 a composite number?
True
Is 3598741 composite?
True
Is 1064507 prime?
True
Is 10515907 prime?
True
Is 5064863 a composite number?
True
Is 26132779 a composite number?
True
Is 2853673 composite?
False
Is 47257933 a composite number?
False
Is 107837 a prime number?
True
Is 12834673 prime?
True
Is 57894859 prime?
False
Is 85770829 a prime number?
True
Is 46340323 prime?
True
Is 4999933 a composite number?
False
Is 9104267 composite?
False
Is 22254989 prime?
False
Is 1127473481 composite?
False
Is 25281977 composite?
True
Is 36106963 a prime number?
False
Is 122651 composite?
False
Is 5652119 composite?
True
Is 2551327 composite?
True
Is 42423659 a prime number?
True
Is 229948259 prime?
True
Is 30882433 a prime number?
True
Is 179533019 a prime number?
True
Is 1368043 a prime number?
False
Is 63342869 composite?
False
Is 3419215 prime?
False
Is 311740417 prime?
True
Is 511337 prime?
True
Is 914941 a composite number?
False
Is 74074241 a prime number?
True
Is 40277 prime?
True
Is 9672902 a prime number?
False
Is 358690193 a prime number?
True
Is 120221 composite?
True
Is 38872391 composite?
False
Is 2102021 a prime number?
True
Is 3542681 a prime number?
False
Is 4648961 a composite number?
True
Is 96874361 a composite number?
False
Is 588999665 composite?
True
Is 6743831 a prime number?
True
Is 94453349 composite?
True
Is 2931969 prime?
False
Is 7062469 a composite number?
True
Is 930493 composite?
True
Is 278279437 a composite number?
False
Is 52489 a prime number?
True
Is 4399223 a composite number?
False
Is 475949 a prime number?
False
Is 17138735 composite?
True
Is 205973327 prime?
False
Is 639334307 a composite number?
False
Is 281004907 composite?
False
Is 75077357 a prime number?
True
Is 1924889 a composite number?
False
Is 787231 composite?
True
Is 46719047 composite?
True
Is 589439 a prime number?
True
Is 10556849 a composite number?
True
Is 275813 a composite number?
False
Is 3516943 composite?
True
Is 51183229 composite?
True
Is 300671 a composite number?
True
Is 1223177 a prime number?
True
Is 259436611 prime?
False
Is 9764219 a composite number?
False
Is 61935473 prime?
True
Is 502241 prime?
False
Is 7963757 a prime number?
True
Is 7183031 a prime number?
False
Is 292279 a prime number?
False
Is 3097873 a composite number?
False
Is 582829937 a prime number?
True
Is 566041 composite?
True
Is 21646307 composite?
False
Is 291171911 prime?
True
Is 5431441 composite?
False
Is 59912323 a composite number?
False
Is 6891127 prime?
False
Is 3345283 prime?
False
Is 73296007 composite?
False
Is 2995687 a composite number?
False
Is 59531 a prime number?
False
Is 30850037 a prime number?
False
Is 5724671 prime?
False
Is 452987 a composite number?
True
Is 1381769 a composite number?
False
Is 18439403 a prime number?
True
Is 3737369 composite?
True
Is 9419721 composite?
True
Is 5101639 prime?
False
Is 128851633 a prime number?
True
Is 388991 a composite number?
False
Is 1983517 a prime number?
False
Is 156043163 a composite number?
False
Is 13601863 a composite number?
True
Is 80000311 a prime number?
False
Is 2199917 composite?
False
Is 4620977 composite?
False
Is 22998419 a composite number?
True
Is 119029389 composite?
True
Is 586186 a prime number?
False
Is 1089611 prime?
True
Is 144241859 composite?
False
Is 6012863 composite?
True
Is 8128403 a composite number?
False
Is 11358397 prime?
False
Is 118939879 prime?
False
Is 3391853 a prime number?
True
Is 14145169 a composite number?
True
Is 8620063 prime?
True
Is 2920177 prime?
False
Is 32730431 prime?
True
Is 19912201 composite?
False
Is 228640369 a prime number?
True
Is 54224977 a composite number?
False
Is 212372327 prime?
False
Is 17624203 a composite number?
True
Is 6347261 a composite number?
False
Is 9328481 composite?
False
Is 199926283 composite?
True
Is 140395693 composite?
True
Is 1043033 a composite number?
True
Is 219352277 a prime number?
True
Is 510293087 composite?
False
Is 11686769 a composite number?
True
Is 717071 composite?
True
Is 1590313 prime?
False
Is 110944649 prime?
False
Is 3594559 prime?
True
Is 104512603 a composite number?
True
Is 2044463 prime?
True
Is 359086669 prime?
False
Is 6274919 prime?
False
Is 1414079 prime?
False
Is 98842307 a prime number?
True
Is 4632671 a composite number?
True
Is 370373 a prime number?
True
Is 13565543 prime?
True
Is 2309563079 composite?
False
Is 53265181 prime?
True
Is 5308609 a composite number?
False
Is 2750941 prime?
False
Is 111920327 composite?
True
Is 13020251 composite?
False
Is 6534013 prime?
True
Is 54270217 prime?
True
Is 6291587 a composite number?
False
Is 20030149 prime?
False
Is 746696681 a composite number?
False
Is 28302899 a composite number?
False
Is 809887 prime?
False
Is 32402995 composite?
True
Is 22283309 composite?
False
Is 73311457 composite?
False
Is 19164073 prime?
False
Is 2686111 composite?
False
Is 11979391 prime?
True
Is 6540843 a composite number?
True
Is 1959361 a composite number?
False
Is 40968335 prime?
False
Is 24254707 a composite number?
False
Is 54576199 composite?
False
Is 83671429 prime?
True
Is 5014753 a prime number?
False
Is 883163 a prime number?
True
Is 3033029 composite?
True
Is 6982565 prime?
False
Is 2171203 prime?
True
Is 25018846 prime?
False
Is 3385403 a composite number?
True
Is 300336657 a composite number?
True
Is 142144733 a composite number?
True
Is 289909 a composite number?
True
Is 120767 composite?
False
Is 354559579 prime?
False
Is 1280141 composite?
False
Is 25828639 a prime number?
False
Is 70023757 prime?
False
Is 6550261 composite?
False
Is 8222887 a composite number?
False
Is 237479663 composite?
True
Is 546036431 a prime number?
True
Is 144295129 prime?
False
Is 3584221 a composite number?
False
Is 55901329 prime?
False
Is 638010361 a prime number?
True
Is 2850919 a prime number?
False
Is 20354261 a composite number?
True
Is 50207 composite?
False
Is 116899483 a composite number?
False
Is 6118261 prime?
True
Is 8139367 prime?
False
Is 9234353 composite?
False
Is 1662547 a composite number?
False
Is 11783993 composite?
True
Is 73327 a prime number?
True
Is 12120989 composite?
False
Is 8018851 composite?
False
Is 2471839 composite?
True
Is 75233609 a composite number?
True
Is 8768741 a composite number?
True
Is 4607819 composite?
False
Is 2030297 a prime number?
False
Is 1228291 composite?
False
Is 23592409 a prime number?
False
Is 7417633 a prime number?
True
Is 356428967 prime?
True
Is 7394897 a prime number?
True
Is 28896641 a composite number?
False
Is 832835153 composite?
True
Is 743203 a composite number?
False
Is 893723 composite?
False
Is 9836687 composite?
True
Is 60758521 composite?
False
Is 3592673 prime?
False
Is 19587979 prime?
True
Is 456823987 a composite number?
False
Is 306579499 a prime number?
True
Is 12593291 a composite number?
False
Is 3478183 composite?
True
Is 410468127 prime?
False
Is 3887449 composite?
False
Is 43871753 a composite number?
True
Is 457616899 prime?
False
Is 29613767 composite?
True
Is 35347457 prime?
True
Is 8528243 prim